 h(w) = -w**3 + 6*w**2 + 4*w + 2. Give h(r).
26
Let q = -4 + 9. Let s(n) = -3 + q - 6 + 5*n + 2*n**2 + 5. Calculate s(-4).
13
Let q(m) = m + 11. Let v be -12*(3/(-2))/((-9)/(-3)). Suppose 0 = 2*p - 3*s + 16, p + s + v + 2 = 0. Determine q(p).
3
Let l be (-2)/(-6) + 40/6. Let t(p) be the third derivative of 0 + 1/4*p**4 + 4/3*p**3 - 6*p**2 + 0*p - 1/60*p**5. Determine t(l).
1
Let c(p) = -p**2 - 19*p - 38. Suppose 15*w + 105 = -150. Give c(w).
-4
Suppose 0 = 5*f + 25, -2*o + 5 + 15 = -4*f. Let h(s) = s**2 + 4 + 0 + o*s**2. Calculate h(0).
4
Let k be 5/(-1 - (2 + -2)). Let d = -1 + k. Let w(a) = 4*a**2 - 3*a**2 + 2 + 8*a - 2*a. What is w(d)?
2
Let c = 38 - 33. Let g(v) = -v**2 + 8*v - 6. Let q(o) = o**2 - 9*o + 7. Let u(p) = c*q(p) + 6*g(p). Determine u(4).
-5
Suppose -3*j - 3*v + 17 - 44 = 0, -3*j - 22 = -2*v. Let t(y) = -y**2 - 10*y - 11. Determine t(j).
5
Suppose 2*w - 3*o = 2, 2*o = -2*w - 1 - 7. Let u(j) = -j**3 - 2*j**2 + 2. What is u(w)?
2
Let y = -100 - -100. Let f(d) be the first derivative of -8*d - 1/3*d**3 - 2 + 1/2*d**2. What is f(y)?
-8
Let w = 3 + -9. Suppose 4*y = -4*m + 3 - 11, 4*m + 5*y = -13. Let u(z) = -6 + z**2 - 8*z**2 - 6*z + 0*z - z**m. Determine u(w).
-6
Let m(j) = 4*j**2 - 2*j + 9. Let q(b) = 3*b - 4. Let x be q(3). Suppose -3*n - 4 = -1. Let t(i) = i**2 - i + 1. Let k(o) = n*m(o) + x*t(o). What is k(3)?
-4
Let m(i) be the second derivative of 1/12*i**4 + 0 - 1/20*i**5 - 3/2*i**2 + 1/3*i**3 - 10*i. What is m(3)?
-15
Let y(n) = -n**2 + n - 2. Suppose -3*a - r = -70, 4*r + 80 = -a + 4*a. Let f be (-4)/a + 58/(-12). Let k = -5 - f. What is y(k)?
-2
Let y(t) = -3*t**2 + t**2 + 2 + 6*t**2. Let u = 396 - 398. What is y(u)?
18
Let l = 143/2 + -70. Let g(h) be the first derivative of -6 - l*h**2 - 2*h. Determine g(-4).
10
Let w = -4039 + 4043. Let z(i) = -i**3 - 3*i**2 + 6*i**2 - 1 - i + 2. Determine z(w).
-19
Let f(b) be the third derivative of -b**7/2520 - b**6/180 + b**5/20 - b**4/8 - 18*b**2. Let w(t) be the second derivative of f(t). Calculate w(-5).
1
Suppose 18*j = 73 - 19. Let q(w) be the first derivative of -5/2*w**2 + j*w + 1 - 1/3*w**3. What is q(-6)?
-3
Let c(p) = -p - 2. Let b(r) = 2*r**3 + 20*r**2 + 22*r + 29. Let d be b(-9). Give c(d).
5
Let n(t) be the first derivative of -t**2 - 3*t - 247. Calculate n(9).
-21
Let j be 15/(-2)*(84/10 + -8). Let d(k) = -3*k**2 - 2*k - 2. Give d(j).
-23
Let l(u) = -7*u - 2 + 2*u**2 + 3*u**2 - 2 + u**3. Let z(r) = -2*r - 18 + 63 - 13. Let f be z(19). Calculate l(f).
2
Let r(m) = -m**2 + 7*m + 6. Let t be r(-2). Let y(q) = q + 10. What is y(t)?
-2
Let d(i) be the second derivative of -5*i**3/6 - i**2 + 2*i. Let a = -99 + 97. Calculate d(a).
8
Let h(f) = -6*f + 42. Let r be h(6). Let o(v) be the first derivative of -v**4/24 + 2*v**3/3 + v**2 + 1. Let d(j) be the second derivative of o(j). Give d(r).
-2
Let h(z) = z**2 + 3*z - 6. Suppose -4*f = k - 10, 3*k = -k + 2*f - 32. Give h(k).
12
Let p(t) = 5*t**3 + 53*t**2 + 51*t - 61. Let c(n) = -2*n**3 - 18*n**2 - 17*n + 20. Let d(r) = -8*c(r) - 3*p(r). What is d(16)?
7
Let b = 35 + -36. Let v(t) = 2*t - 3. Let o(p) = 1. Let d(h) = b*v(h) - 2*o(h). What is d(1)?
-1
Let c(p) = -p**3 + 12*p**2 - p + 17. Suppose -3*y = 3*v - 51, 2*y + 39 = 2*v + 5*y. Determine c(v).
5
Suppose -5*j = 160 - 185. Let r(p) = -p**3 + 4*p**2 + p + 1. Calculate r(j).
-19
Let u(r) be the third derivative of 0 + 0*r**3 - 14*r**2 + 0*r - 5/12*r**4. Let k(n) = n**2 - 2*n + 1. Let d be k(2). Determine u(d).
-10
Let t(n) = -3. Let i(p) = 10. Let q(x) = 3*i(x) + 12*t(x). Let h(j) = j**2 - j + 5. Let a(o) = -3*h(o) - 2*q(o). Determine a(2).
-9
Let y(c) = -c + 10. Let j = -788 + 798. Give y(j).
0
Let c(i) = -6 + 3 + 7 + i + 1 - 3. Calculate c(-2).
0
Let c(h) = h**2 - 7*h - 1. Let t be c(8). Let j(x) = x**3 - 8*x**2 + 7*x + 5. Let p be j(t). Let a(q) = q**2 - 5*q - 7. What is a(p)?
-7
Let o = -1634 - -1633. Let h be (-156)/(-27) - (-2)/9. Let g(v) = 0*v + 5*v - 7*v - h*v - 1. Determine g(o).
7
Let o(p) = -p**2 + 3*p - 10. Let l(a) = -a**2 + 31*a - 221. Let q be l(19). What is o(q)?
-38
Let j(z) = -z**2 - 6*z + 3. Let i(t) = -t**3 + 10*t**2 + 2. Let o be i(10). Calculate j(o).
-13
Let s(l) = -2*l + 2. Let f = 131 + -187. Let n be (-6)/15 - f/(-35). Give s(n).
6
Let h(v) = -v**3 - 5*v**2 + 10*v + 9. Let c be ((-2)/6)/(11 - (-2300)/(-210)). Calculate h(c).
37
Let l(p) = p + 11. Let r = 10 + -15. Let h be l(r). Let c(w) = -w**3 - h - 1 + 2*w + 0 + 1 + 6*w**2. Determine c(6).
6
Let o(v) = 3*v**2 + 7*v - 9. Let t = -30 + 31. Let l(w) = -w**2 + 1. Let b(m) = t*o(m) + 4*l(m). Give b(7).
-5
Let v(l) be the third derivative of 0*l - 5/6*l**3 - 9*l**2 + 0 - 1/60*l**5 + 1/4*l**4. Let n = 2 + 4. Give v(n).
-5
Suppose 0 = 3*z + 62 + 142. Let x = -79 - z. Let t(l) = -l - 6. Determine t(x).
5
Let g(m) = -6*m + 1. Let x be 20*(1 - (-14)/(-8)). Let h be (-2)/(-7) - x/21. What is g(h)?
-5
Let f(w) = -w**2 - 27. Let v be 0/((-2)/((20/3)/(-10))). Calculate f(v).
-27
Suppose -5*j - t + 18 = 0, 0 = -5*j + 7*t - 6*t + 22. Let l(b) be the second derivative of -8*b + 0 + b**3 + 1/12*b**j + 0*b**2. Give l(-6).
0
Let i be (-3)/9 + 13/3. Suppose 3*z + 5*t = 2, -i*z - 2 = -3*z + 3*t. Suppose -31 = z*g - 15. Let c(x) = x**2 + 3*x - 3. Calculate c(g).
1
Suppose 4*b = -8 - 8. Let s(d) = -6*d + 7. Let h(j) = 1. Let k(c) = -5*h(c) + s(c). What is k(b)?
26
Suppose v - 2*f + f + 13 = 0, 49 = -5*v - 3*f. Let l(a) = -a**2 - 12*a - 13. Let c be l(v). Let k(j) = 7*j + 2. Calculate k(c).
-12
Let q(o) = o**3 + 2. Let w be q(0). Let m(d) = -14 - 13*d + 28*d - w - d**2 - 14*d. What is m(0)?
-16
Let q be 24/(-16)*(-4)/(-6). Let f(n) = 4*n**3 - 4*n**2. Let s(m) = -m**3 + m**2. Let a(j) = 2*f(j) + 7*s(j). Give a(q).
-2
Let u(n) = n**3 - 4*n**2 - 4*n - 5. Let g be u(5). Let z(y) = -y - 4 + 0*y + g*y. Suppose 8*o - 3*o - x - 3 = 0, 3*o + 6 = -2*x. Determine z(o).
-4
Let x(v) = -10. Let s(r) = -3*r**2 + 47*r - 19. Let a(y) = s(y) - 4*x(y). Determine a(16).
5
Let q be -2 - (-4 - (-6)/2). Let v be (-12)/(-8) + q/(-2). Let o(s) = 5 - 3*s**v + 2*s**2 - 9 - 2*s. Calculate o(-3).
-7
Suppose 2*a - 3*f - f = 26, -2*a - 1 = 5*f. Let d be (-26)/(-8) - (-7)/(-28). Let k(p) = 0*p**3 + 4 - p**d + 2*p - 6*p**2 - 11*p + 2*p**3. Determine k(a).
-10
Suppose 3 = -19*s + 20*s. Let j(u) be the first derivative of 2*u**3/3 + u**2 - 4*u - 1. Give j(s).
20
Let o(w) = -3*w - 1 - 6 + 1 - 5. Determine o(9).
-38
Let n(r) = -125*r + 252*r - 126*r + 3. What is n(-2)?
1
Suppose -5*o = -4*f - 46, 3*o - 45 = -2*o + 5*f. Let d = -6 + o. Let i(l) = -1 + 3 - 2 - 4 + l. Calculate i(d).
0
Let f(p) be the third derivative of -6*p**2 - 1/24*p**4 + 0 + 0*p**3 + 0*p + 7/60*p**5. What is f(1)?
6
Suppose -1 = 3*t - 13. Let a = t - 2. Let r(h) = 3*h + 2*h + a*h - 4*h - 8. What is r(6)?
10
Let a(d) = -2*d**2 + 3*d - 5. Let s be a(2). Let i(x) = 3 + 9*x + 0 - x**2 + 0*x**2 + 2*x**2. Determine i(s).
-11
Let p(q) = -q**3 + 4*q**2 + 2*q + 2. Let j be (-3)/(-4)*(11 - 78/18). Give p(j).
-13
Let v be 54/10 - 2/5. Let q(m) = 4*m - 5 - 268899*m**2 + 268898*m**2 + 2*m. Calculate q(v).
0
Let p(f) = f**2 + 15*f + 3. Let k(l) be the third derivative of -l**5/20 - 11*l**4/6 - 5*l**3/3 - 11*l**2. Let h(n) = -6*k(n) - 17*p(n). Calculate h(-7).
-5
Suppose 7*t - 3*y - 22 = 11*t, -2*y = -4*t - 12. Let h(m) = -m**2 + m + 1. Calculate h(t).
-19
Let u = 2 - 0. Suppose -4*j = 4*r - 8, u*r - 5*r = 4*j - 10. Suppose 0 = j*p + 5*o - 34, 5*p - 5*o - 2 - 18 = 0. Let b(n) = -n**2 + 8*n - 9. Calculate b(p).
3
Suppose 7*j - 12*j + 20 = 0. Suppose -j*i = -11*i + 35. Let s(q) = q + 1. Let g(n) = n**2 + 2*n - 4. Let h(f) = g(f) - 3*s(f). Give h(i).
13
Suppose -u - 85 = 4*u. Let h = 17 + u. Suppose -3*y + 20 - 8 = h. Let o(c) = -c + 5. Give o(y).
1
Let r(w) = -w**3 + 2*w**2 + 4*w. Let d(k) = k**2 - 7*k + 9. Let f be d(9). Suppose f = 28*z - 19*z. Calculate r(z).
3
Let i(q) = -34*q - 212. Let z be i(-6). Let y(b) = -b**3 - 9*b**2 - 9*b - 8. What is y(z)?
0
Suppose -11*s + 58 + 349 = 0. Suppose -n + 5*d + s = -3*n, -3*n - d - 23 = 0. Let y(p) = -p**3 - 7*p**2 - 4*p + 7. Give y(n).
-5
Let o(c) = -c - 13. Suppose 0 = 4*k + 21 + 3. Let p(y) = 1. Let u(j) = k*p(j) - o(j). Let b(m) = -m**3 + 9*m**2 - 8*m - 5. Let d be b(8). Give u(d).
2
Let c(s) = -s**2 + 16*s - 18. Suppose 2*h = 4*n - 58, n + 8*h - 4*h = 19.